{"id":3326,"date":"2025-07-17T10:42:52","date_gmt":"2025-07-17T08:42:52","guid":{"rendered":"https:\/\/hiroshi.qodeinteractive.com\/?page_id=3326"},"modified":"2025-09-15T11:34:02","modified_gmt":"2025-09-15T09:34:02","slug":"agence","status":"publish","type":"page","link":"https:\/\/adn-conseil.fr\/formation\/wordpress\/agence\/","title":{"rendered":"L&rsquo;agence"},"content":{"rendered":"\t\t<div data-elementor-type=\"wp-page\" data-elementor-id=\"3326\" class=\"elementor elementor-3326\">\n\t\t\t\t\t\t<section class=\"elementor-section elementor-top-section elementor-element elementor-element-a030394 elementor-section-full_width elementor-section-height-default elementor-section-height-default qodef-elementor-content-no qodef-elementor-column-no\" data-id=\"a030394\" data-element_type=\"section\">\n\t\t\t\t\t\t<div class=\"elementor-container elementor-column-gap-default\">\n\t\t\t\t\t<div class=\"elementor-column elementor-col-100 elementor-top-column elementor-element elementor-element-7cd333a\" data-id=\"7cd333a\" data-element_type=\"column\">\n\t\t\t<div class=\"elementor-widget-wrap\">\n\t\t\t\t\t\t\t<\/div>\n\t\t<\/div>\n\t\t\t\t\t<\/div>\n\t\t<\/section>\n\t\t\t\t<section class=\"elementor-section elementor-top-section elementor-element elementor-element-ad2c396 elementor-section-full_width elementor-section-height-default elementor-section-height-default qodef-elementor-content-no qodef-elementor-column-no\" data-id=\"ad2c396\" data-element_type=\"section\">\n\t\t\t\t\t\t<div class=\"elementor-container elementor-column-gap-default\">\n\t\t\t\t\t<div class=\"elementor-column elementor-col-100 elementor-top-column elementor-element elementor-element-990d132\" data-id=\"990d132\" data-element_type=\"column\">\n\t\t\t<div class=\"elementor-widget-wrap\">\n\t\t\t\t\t\t\t<\/div>\n\t\t<\/div>\n\t\t\t\t\t<\/div>\n\t\t<\/section>\n\t\t\t\t<section class=\"elementor-section elementor-top-section elementor-element elementor-element-759e3505 elementor-section-full_width elementor-reverse-tablet elementor-reverse-mobile elementor-section-height-default elementor-section-height-default qodef-elementor-content-no qodef-elementor-column-no\" data-id=\"759e3505\" data-element_type=\"section\">\n\t\t\t\t\t\t<div class=\"elementor-container elementor-column-gap-default\">\n\t\t\t\t\t<div class=\"elementor-column elementor-col-50 elementor-top-column elementor-element elementor-element-6540d92b\" data-id=\"6540d92b\" data-element_type=\"column\">\n\t\t\t<div class=\"elementor-widget-wrap elementor-element-populated\">\n\t\t\t\t\t\t<div class=\"elementor-element elementor-element-6c484501 elementor-widget elementor-widget-text-editor\" data-id=\"6c484501\" data-element_type=\"widget\" data-widget_type=\"text-editor.default\">\n\t\t\t\t<div class=\"elementor-widget-container\">\n\t\t\t\t\t\t\t\t\t<p>Initialement sp\u00e9cialis\u00e9e dans la vente de mobilier de bureau, l&rsquo;entreprise Burokey a su \u00e9voluer pour r\u00e9pondre aux nouvelles attentes du march\u00e9.<br \/>Face \u00e0 une demande croissante de services d\u00e8s les ann\u00e9es 2000, elle a op\u00e9r\u00e9 un virage strat\u00e9gique en cr\u00e9ant en 2003 sa filiale Alv\u00e9ole, d\u00e9di\u00e9e aux travaux d&rsquo;am\u00e9nagement second \u0153uvre (cloisons, sols, plafonds, \u00e9lectricit\u00e9,&#8230;).<br \/>Aujourd&rsquo;hui, <strong>le groupe Burokey-Alv\u00e9ole se positionne comme un contractant g\u00e9n\u00e9ral capable de piloter des projets d&rsquo;am\u00e9nagement de A \u00e0 Z<\/strong>. <br \/>Renforc\u00e9e par une plateforme logistique et des \u00e9quipes de montage int\u00e9gr\u00e9es depuis 2014, l&rsquo;entreprise a atteint son objectif : livrer des solutions de bureaux \u00ab\u00a0cl\u00e9s en main\u00a0\u00bb.<\/p>\t\t\t\t\t\t\t\t<\/div>\n\t\t\t\t<\/div>\n\t\t\t\t\t<\/div>\n\t\t<\/div>\n\t\t\t\t<div class=\"elementor-column elementor-col-50 elementor-top-column elementor-element elementor-element-3f0f4746\" data-id=\"3f0f4746\" data-element_type=\"column\">\n\t\t\t<div class=\"elementor-widget-wrap\">\n\t\t\t\t\t\t\t<\/div>\n\t\t<\/div>\n\t\t\t\t\t<\/div>\n\t\t<\/section>\n\t\t\t\t<section class=\"elementor-section elementor-top-section elementor-element elementor-element-da7efdf elementor-section-full_width elementor-section-height-default elementor-section-height-default qodef-elementor-content-no qodef-elementor-column-no\" data-id=\"da7efdf\" data-element_type=\"section\">\n\t\t\t\t\t\t<div class=\"elementor-container elementor-column-gap-default\">\n\t\t\t\t\t<div class=\"elementor-column elementor-col-100 elementor-top-column elementor-element elementor-element-c98a9c4\" data-id=\"c98a9c4\" data-element_type=\"column\">\n\t\t\t<div class=\"elementor-widget-wrap\">\n\t\t\t\t\t\t\t<\/div>\n\t\t<\/div>\n\t\t\t\t\t<\/div>\n\t\t<\/section>\n\t\t\t\t<section class=\"elementor-section elementor-top-section elementor-element elementor-element-455e22a7 elementor-section-full_width elementor-section-height-default elementor-section-height-default qodef-elementor-content-no qodef-elementor-column-no\" data-id=\"455e22a7\" data-element_type=\"section\" data-settings=\"{&quot;background_background&quot;:&quot;classic&quot;}\">\n\t\t\t\t\t\t<div class=\"elementor-container elementor-column-gap-default\">\n\t\t\t\t\t<div class=\"elementor-column elementor-col-100 elementor-top-column elementor-element elementor-element-bc68942\" data-id=\"bc68942\" data-element_type=\"column\">\n\t\t\t<div class=\"elementor-widget-wrap\">\n\t\t\t\t\t\t\t<\/div>\n\t\t<\/div>\n\t\t\t\t\t<\/div>\n\t\t<\/section>\n\t\t\t\t<\/div>\n\t\t","protected":false},"excerpt":{"rendered":"<p>J\u00e9r\u00f4me Commun et Fran\u00e7ois Trouilleux cr\u00e9ent Burokey en mars 1994. Sp\u00e9cialis\u00e9e dans les solutions d\u2019am\u00e9nagements pour les entreprises depuis 1994, la soci\u00e9t\u00e9 Burokey vous accompagne dans la phase d\u2019am\u00e9nagement int\u00e9rieur de vos projets. Initialement sp\u00e9cialis\u00e9e dans la vente de mobilier de bureau, l&rsquo;entreprise Burokey a su \u00e9voluer pour r\u00e9pondre aux nouvelles attentes du march\u00e9.Face \u00e0 [&hellip;]<\/p>\n","protected":false},"author":1,"featured_media":0,"parent":0,"menu_order":0,"comment_status":"closed","ping_status":"closed","template":"page-full-width.php","meta":{"footnotes":""},"class_list":["post-3326","page","type-page","status-publish","hentry"],"yoast_head":"<!-- This site is optimized with the Yoast SEO plugin v26.0 - https:\/\/yoast.com\/wordpress\/plugins\/seo\/ -->\n<title>L&#039;agence - Burokey<\/title>\n<meta name=\"robots\" content=\"index, follow, max-snippet:-1, max-image-preview:large, max-video-preview:-1\" \/>\n<link rel=\"canonical\" href=\"https:\/\/adn-conseil.fr\/formation\/wordpress\/agence\/\" \/>\n<meta property=\"og:locale\" content=\"fr_FR\" \/>\n<meta property=\"og:type\" content=\"article\" \/>\n<meta property=\"og:title\" content=\"L&#039;agence - Burokey\" \/>\n<meta property=\"og:description\" content=\"J\u00e9r\u00f4me Commun et Fran\u00e7ois Trouilleux cr\u00e9ent Burokey en mars 1994. Sp\u00e9cialis\u00e9e dans les solutions d\u2019am\u00e9nagements pour les entreprises depuis 1994, la soci\u00e9t\u00e9 Burokey vous accompagne dans la phase d\u2019am\u00e9nagement int\u00e9rieur de vos projets. Initialement sp\u00e9cialis\u00e9e dans la vente de mobilier de bureau, l&rsquo;entreprise Burokey a su \u00e9voluer pour r\u00e9pondre aux nouvelles attentes du march\u00e9.Face \u00e0 [&hellip;]\" \/>\n<meta property=\"og:url\" content=\"https:\/\/adn-conseil.fr\/formation\/wordpress\/agence\/\" \/>\n<meta property=\"og:site_name\" content=\"Burokey\" \/>\n<meta property=\"article:modified_time\" content=\"2025-09-15T09:34:02+00:00\" \/>\n<meta property=\"og:image\" content=\"https:\/\/adn-conseil.fr\/formation\/wordpress\/wp-content\/uploads\/2025\/09\/agence-maitre-oeuvre-joinville-le-pont.jpg\" \/>\n<meta name=\"twitter:card\" content=\"summary_large_image\" \/>\n<meta name=\"twitter:label1\" content=\"Dur\u00e9e de lecture estim\u00e9e\" \/>\n\t<meta name=\"twitter:data1\" content=\"3 minutes\" \/>\n<script type=\"application\/ld+json\" class=\"yoast-schema-graph\">{\"@context\":\"https:\/\/schema.org\",\"@graph\":[{\"@type\":\"WebPage\",\"@id\":\"https:\/\/adn-conseil.fr\/formation\/wordpress\/agence\/\",\"url\":\"https:\/\/adn-conseil.fr\/formation\/wordpress\/agence\/\",\"name\":\"L'agence - Burokey\",\"isPartOf\":{\"@id\":\"https:\/\/adn-conseil.fr\/formation\/wordpress\/#website\"},\"primaryImageOfPage\":{\"@id\":\"https:\/\/adn-conseil.fr\/formation\/wordpress\/agence\/#primaryimage\"},\"image\":{\"@id\":\"https:\/\/adn-conseil.fr\/formation\/wordpress\/agence\/#primaryimage\"},\"thumbnailUrl\":\"https:\/\/adn-conseil.fr\/formation\/wordpress\/wp-content\/uploads\/2025\/09\/agence-maitre-oeuvre-joinville-le-pont.jpg\",\"datePublished\":\"2025-07-17T08:42:52+00:00\",\"dateModified\":\"2025-09-15T09:34:02+00:00\",\"breadcrumb\":{\"@id\":\"https:\/\/adn-conseil.fr\/formation\/wordpress\/agence\/#breadcrumb\"},\"inLanguage\":\"fr-FR\",\"potentialAction\":[{\"@type\":\"ReadAction\",\"target\":[\"https:\/\/adn-conseil.fr\/formation\/wordpress\/agence\/\"]}]},{\"@type\":\"ImageObject\",\"inLanguage\":\"fr-FR\",\"@id\":\"https:\/\/adn-conseil.fr\/formation\/wordpress\/agence\/#primaryimage\",\"url\":\"https:\/\/adn-conseil.fr\/formation\/wordpress\/wp-content\/uploads\/2025\/09\/agence-maitre-oeuvre-joinville-le-pont.jpg\",\"contentUrl\":\"https:\/\/adn-conseil.fr\/formation\/wordpress\/wp-content\/uploads\/2025\/09\/agence-maitre-oeuvre-joinville-le-pont.jpg\",\"width\":860,\"height\":576},{\"@type\":\"BreadcrumbList\",\"@id\":\"https:\/\/adn-conseil.fr\/formation\/wordpress\/agence\/#breadcrumb\",\"itemListElement\":[{\"@type\":\"ListItem\",\"position\":1,\"name\":\"Accueil\",\"item\":\"https:\/\/adn-conseil.fr\/formation\/wordpress\/\"},{\"@type\":\"ListItem\",\"position\":2,\"name\":\"L&rsquo;agence\"}]},{\"@type\":\"WebSite\",\"@id\":\"https:\/\/adn-conseil.fr\/formation\/wordpress\/#website\",\"url\":\"https:\/\/adn-conseil.fr\/formation\/wordpress\/\",\"name\":\"ADN Conseil & Formation\",\"description\":\"Bureau d&#039;\u00e9tude - MOE - Am\u00e9nagement\",\"potentialAction\":[{\"@type\":\"SearchAction\",\"target\":{\"@type\":\"EntryPoint\",\"urlTemplate\":\"https:\/\/adn-conseil.fr\/formation\/wordpress\/?s={search_term_string}\"},\"query-input\":{\"@type\":\"PropertyValueSpecification\",\"valueRequired\":true,\"valueName\":\"search_term_string\"}}],\"inLanguage\":\"fr-FR\"}]}<\/script>\n<!-- \/ Yoast SEO plugin. -->","yoast_head_json":{"title":"L'agence - Burokey","robots":{"index":"index","follow":"follow","max-snippet":"max-snippet:-1","max-image-preview":"max-image-preview:large","max-video-preview":"max-video-preview:-1"},"canonical":"https:\/\/adn-conseil.fr\/formation\/wordpress\/agence\/","og_locale":"fr_FR","og_type":"article","og_title":"L'agence - Burokey","og_description":"J\u00e9r\u00f4me Commun et Fran\u00e7ois Trouilleux cr\u00e9ent Burokey en mars 1994. Sp\u00e9cialis\u00e9e dans les solutions d\u2019am\u00e9nagements pour les entreprises depuis 1994, la soci\u00e9t\u00e9 Burokey vous accompagne dans la phase d\u2019am\u00e9nagement int\u00e9rieur de vos projets. Initialement sp\u00e9cialis\u00e9e dans la vente de mobilier de bureau, l&rsquo;entreprise Burokey a su \u00e9voluer pour r\u00e9pondre aux nouvelles attentes du march\u00e9.Face \u00e0 [&hellip;]","og_url":"https:\/\/adn-conseil.fr\/formation\/wordpress\/agence\/","og_site_name":"Burokey","article_modified_time":"2025-09-15T09:34:02+00:00","og_image":[{"url":"https:\/\/adn-conseil.fr\/formation\/wordpress\/wp-content\/uploads\/2025\/09\/agence-maitre-oeuvre-joinville-le-pont.jpg","type":"","width":"","height":""}],"twitter_card":"summary_large_image","twitter_misc":{"Dur\u00e9e de lecture estim\u00e9e":"3 minutes"},"schema":{"@context":"https:\/\/schema.org","@graph":[{"@type":"WebPage","@id":"https:\/\/adn-conseil.fr\/formation\/wordpress\/agence\/","url":"https:\/\/adn-conseil.fr\/formation\/wordpress\/agence\/","name":"L'agence - Burokey","isPartOf":{"@id":"https:\/\/adn-conseil.fr\/formation\/wordpress\/#website"},"primaryImageOfPage":{"@id":"https:\/\/adn-conseil.fr\/formation\/wordpress\/agence\/#primaryimage"},"image":{"@id":"https:\/\/adn-conseil.fr\/formation\/wordpress\/agence\/#primaryimage"},"thumbnailUrl":"https:\/\/adn-conseil.fr\/formation\/wordpress\/wp-content\/uploads\/2025\/09\/agence-maitre-oeuvre-joinville-le-pont.jpg","datePublished":"2025-07-17T08:42:52+00:00","dateModified":"2025-09-15T09:34:02+00:00","breadcrumb":{"@id":"https:\/\/adn-conseil.fr\/formation\/wordpress\/agence\/#breadcrumb"},"inLanguage":"fr-FR","potentialAction":[{"@type":"ReadAction","target":["https:\/\/adn-conseil.fr\/formation\/wordpress\/agence\/"]}]},{"@type":"ImageObject","inLanguage":"fr-FR","@id":"https:\/\/adn-conseil.fr\/formation\/wordpress\/agence\/#primaryimage","url":"https:\/\/adn-conseil.fr\/formation\/wordpress\/wp-content\/uploads\/2025\/09\/agence-maitre-oeuvre-joinville-le-pont.jpg","contentUrl":"https:\/\/adn-conseil.fr\/formation\/wordpress\/wp-content\/uploads\/2025\/09\/agence-maitre-oeuvre-joinville-le-pont.jpg","width":860,"height":576},{"@type":"BreadcrumbList","@id":"https:\/\/adn-conseil.fr\/formation\/wordpress\/agence\/#breadcrumb","itemListElement":[{"@type":"ListItem","position":1,"name":"Accueil","item":"https:\/\/adn-conseil.fr\/formation\/wordpress\/"},{"@type":"ListItem","position":2,"name":"L&rsquo;agence"}]},{"@type":"WebSite","@id":"https:\/\/adn-conseil.fr\/formation\/wordpress\/#website","url":"https:\/\/adn-conseil.fr\/formation\/wordpress\/","name":"ADN Conseil & Formation","description":"Bureau d&#039;\u00e9tude - MOE - Am\u00e9nagement","potentialAction":[{"@type":"SearchAction","target":{"@type":"EntryPoint","urlTemplate":"https:\/\/adn-conseil.fr\/formation\/wordpress\/?s={search_term_string}"},"query-input":{"@type":"PropertyValueSpecification","valueRequired":true,"valueName":"search_term_string"}}],"inLanguage":"fr-FR"}]}},"_links":{"self":[{"href":"https:\/\/adn-conseil.fr\/formation\/wordpress\/wp-json\/wp\/v2\/pages\/3326","targetHints":{"allow":["GET"]}}],"collection":[{"href":"https:\/\/adn-conseil.fr\/formation\/wordpress\/wp-json\/wp\/v2\/pages"}],"about":[{"href":"https:\/\/adn-conseil.fr\/formation\/wordpress\/wp-json\/wp\/v2\/types\/page"}],"author":[{"embeddable":true,"href":"https:\/\/adn-conseil.fr\/formation\/wordpress\/wp-json\/wp\/v2\/users\/1"}],"replies":[{"embeddable":true,"href":"https:\/\/adn-conseil.fr\/formation\/wordpress\/wp-json\/wp\/v2\/comments?post=3326"}],"version-history":[{"count":117,"href":"https:\/\/adn-conseil.fr\/formation\/wordpress\/wp-json\/wp\/v2\/pages\/3326\/revisions"}],"predecessor-version":[{"id":10462,"href":"https:\/\/adn-conseil.fr\/formation\/wordpress\/wp-json\/wp\/v2\/pages\/3326\/revisions\/10462"}],"wp:attachment":[{"href":"https:\/\/adn-conseil.fr\/formation\/wordpress\/wp-json\/wp\/v2\/media?parent=3326"}],"curies":[{"name":"wp","href":"https:\/\/api.w.org\/{rel}","templated":true}]}}